{"id":53,"date":"2019-09-26T10:12:05","date_gmt":"2019-09-26T08:12:05","guid":{"rendered":"http:\/\/www.jst1030.be\/protowp\/?page_id=53"},"modified":"2025-07-09T15:59:48","modified_gmt":"2025-07-09T13:59:48","slug":"contact","status":"publish","type":"page","link":"https:\/\/www.jst1030.be\/?page_id=53","title":{"rendered":"Contact"},"content":{"rendered":"<p>[et_pb_section fb_built=\u00a0\u00bb1&Prime; admin_label=\u00a0\u00bbHero section\u00a0\u00bb _builder_version=\u00a0\u00bb4.16&Prime; use_background_color_gradient=\u00a0\u00bbon\u00a0\u00bb background_color_gradient_stops=\u00a0\u00bbrgba(150,105,97,0.67) 0%|rgba(2,0,76,0.84) 100%\u00a0\u00bb background_color_gradient_overlays_image=\u00a0\u00bbon\u00a0\u00bb background_color_gradient_start=\u00a0\u00bbrgba(150,105,97,0.67)\u00a0\u00bb background_color_gradient_end=\u00a0\u00bbrgba(2,0,76,0.84)\u00a0\u00bb background_image=\u00a0\u00bbhttps:\/\/www.jst1030.be\/wp-content\/uploads\/2019\/09\/priscilla-du-preez-XkKCui44iM0-unsplash-1-1-1024&#215;628.jpg\u00a0\u00bb background_position=\u00a0\u00bbtop_center\u00a0\u00bb min_height=\u00a0\u00bb922.4px\u00a0\u00bb custom_margin=\u00a0\u00bb||-19px|||\u00a0\u00bb custom_padding=\u00a0\u00bb10%||6.8%|||\u00a0\u00bb global_colors_info=\u00a0\u00bb{}\u00a0\u00bb][et_pb_row _builder_version=\u00a0\u00bb4.16&Prime; custom_margin=\u00a0\u00bb|auto|2px|auto||\u00a0\u00bb custom_padding=\u00a0\u00bb0px|||||\u00a0\u00bb global_colors_info=\u00a0\u00bb{}\u00a0\u00bb][et_pb_column type=\u00a0\u00bb4_4&Prime; _builder_version=\u00a0\u00bb4.16&Prime; custom_padding=\u00a0\u00bb1px|||\u00a0\u00bb global_colors_info=\u00a0\u00bb{}\u00a0\u00bb custom_padding__hover=\u00a0\u00bb|||\u00a0\u00bb][et_pb_cta title=\u00a0\u00bbJeunes schaerbeekois au travail\u00a0\u00bb button_url=\u00a0\u00bb#\u00a0\u00bb _builder_version=\u00a0\u00bb4.27.4&Prime; header_level=\u00a0\u00bbh1&Prime; header_font=\u00a0\u00bbLato|900||on|||||\u00a0\u00bb header_font_size=\u00a0\u00bb65px\u00a0\u00bb header_letter_spacing=\u00a0\u00bb2px\u00a0\u00bb header_line_height=\u00a0\u00bb1.2em\u00a0\u00bb body_font=\u00a0\u00bbLato||||||||\u00a0\u00bb body_font_size=\u00a0\u00bb21px\u00a0\u00bb body_line_height=\u00a0\u00bb1.8em\u00a0\u00bb use_background_color=\u00a0\u00bboff\u00a0\u00bb custom_button=\u00a0\u00bbon\u00a0\u00bb button_text_size=\u00a0\u00bb16px\u00a0\u00bb button_text_color=\u00a0\u00bb#ffffff\u00a0\u00bb button_bg_color=\u00a0\u00bb#fa7f28&Prime; button_border_width=\u00a0\u00bb6px\u00a0\u00bb button_border_color=\u00a0\u00bb#fa7f28&Prime; button_border_radius=\u00a0\u00bb5px\u00a0\u00bb button_letter_spacing=\u00a0\u00bb2px\u00a0\u00bb button_font=\u00a0\u00bbLato|900||on|||||\u00a0\u00bb text_orientation=\u00a0\u00bbleft\u00a0\u00bb max_width=\u00a0\u00bb1165px\u00a0\u00bb module_alignment=\u00a0\u00bbleft\u00a0\u00bb custom_margin=\u00a0\u00bb|-467px||||\u00a0\u00bb animation_style=\u00a0\u00bbfold\u00a0\u00bb animation_intensity_fold=\u00a0\u00bb16%\u00a0\u00bb header_font_size_tablet=\u00a0\u00bb47px\u00a0\u00bb header_font_size_phone=\u00a0\u00bb27px\u00a0\u00bb header_font_size_last_edited=\u00a0\u00bbon|desktop\u00a0\u00bb header_text_shadow_style=\u00a0\u00bbpreset1&Prime; header_text_shadow_blur_strength=\u00a0\u00bb0.6em\u00a0\u00bb header_text_shadow_color=\u00a0\u00bbrgba(0,0,0,0.6)\u00a0\u00bb box_shadow_style_button=\u00a0\u00bbpreset3&Prime; box_shadow_blur_button=\u00a0\u00bb30px\u00a0\u00bb box_shadow_spread_button=\u00a0\u00bb8px\u00a0\u00bb box_shadow_color_button=\u00a0\u00bbrgba(250,127,40,0.15)\u00a0\u00bb button_letter_spacing_hover=\u00a0\u00bb2px\u00a0\u00bb global_colors_info=\u00a0\u00bb{}\u00a0\u00bb button_text_size__hover_enabled=\u00a0\u00bboff\u00a0\u00bb button_one_text_size__hover_enabled=\u00a0\u00bboff\u00a0\u00bb button_two_text_size__hover_enabled=\u00a0\u00bboff\u00a0\u00bb button_text_color__hover_enabled=\u00a0\u00bboff\u00a0\u00bb button_one_text_color__hover_enabled=\u00a0\u00bboff\u00a0\u00bb button_two_text_color__hover_enabled=\u00a0\u00bboff\u00a0\u00bb button_border_width__hover_enabled=\u00a0\u00bboff\u00a0\u00bb button_one_border_width__hover_enabled=\u00a0\u00bboff\u00a0\u00bb button_two_border_width__hover_enabled=\u00a0\u00bboff\u00a0\u00bb button_border_color__hover_enabled=\u00a0\u00bboff\u00a0\u00bb button_one_border_color__hover_enabled=\u00a0\u00bboff\u00a0\u00bb button_two_border_color__hover_enabled=\u00a0\u00bboff\u00a0\u00bb button_border_radius__hover_enabled=\u00a0\u00bboff\u00a0\u00bb button_one_border_radius__hover_enabled=\u00a0\u00bboff\u00a0\u00bb button_two_border_radius__hover_enabled=\u00a0\u00bboff\u00a0\u00bb button_letter_spacing__hover_enabled=\u00a0\u00bbon\u00a0\u00bb button_letter_spacing__hover=\u00a0\u00bb2px\u00a0\u00bb button_one_letter_spacing__hover_enabled=\u00a0\u00bboff\u00a0\u00bb button_two_letter_spacing__hover_enabled=\u00a0\u00bboff\u00a0\u00bb button_bg_color__hover_enabled=\u00a0\u00bboff\u00a0\u00bb button_one_bg_color__hover_enabled=\u00a0\u00bboff\u00a0\u00bb button_two_bg_color__hover_enabled=\u00a0\u00bboff\u00a0\u00bb][\/et_pb_cta][et_pb_text _builder_version=\u00a0\u00bb4.27.4&Prime; text_font=\u00a0\u00bbLato||||||||\u00a0\u00bb text_text_color=\u00a0\u00bbrgba(255,255,255,0.7)\u00a0\u00bb text_font_size=\u00a0\u00bb15px\u00a0\u00bb text_line_height=\u00a0\u00bb2em\u00a0\u00bb link_font=\u00a0\u00bb||||||||\u00a0\u00bb link_text_color=\u00a0\u00bb#0C71C3&Prime; header_font=\u00a0\u00bb||||||||\u00a0\u00bb header_2_font=\u00a0\u00bbLato||||||||\u00a0\u00bb header_3_font=\u00a0\u00bbLato|700|||||||\u00a0\u00bb header_3_font_size=\u00a0\u00bb23px\u00a0\u00bb header_3_line_height=\u00a0\u00bb1.5em\u00a0\u00bb background_color=\u00a0\u00bbrgba(36,36,76,0.62)\u00a0\u00bb background_layout=\u00a0\u00bbdark\u00a0\u00bb custom_margin=\u00a0\u00bb1.7%||-20px|||\u00a0\u00bb custom_margin_tablet=\u00a0\u00bb40px|||\u00a0\u00bb custom_margin_phone=\u00a0\u00bb\u00a0\u00bb custom_margin_last_edited=\u00a0\u00bbon|tablet\u00a0\u00bb custom_padding=\u00a0\u00bb30px|30px|40px|30px\u00a0\u00bb custom_padding_tablet=\u00a0\u00bb\u00a0\u00bb custom_padding_phone=\u00a0\u00bb\u00a0\u00bb custom_padding_last_edited=\u00a0\u00bbon|tablet\u00a0\u00bb animation_style=\u00a0\u00bbfold\u00a0\u00bb animation_delay=\u00a0\u00bb100ms\u00a0\u00bb link_option_url_new_window=\u00a0\u00bbon\u00a0\u00bb border_radii=\u00a0\u00bbon|6px|6px|6px|6px\u00a0\u00bb border_color_all=\u00a0\u00bb#e09900&Prime; border_width_top=\u00a0\u00bb6px\u00a0\u00bb locked=\u00a0\u00bboff\u00a0\u00bb global_colors_info=\u00a0\u00bb{}\u00a0\u00bb]<\/p>\n<p><span style=\"color: #ffffff;\"><span style=\"font-size: 18px;\">T\u00e9l\u00e9phone <\/span><\/span><span style=\"color: #ffffff; font-size: 18px;\">: 02\/ 247 77 56<\/span><\/p>\n<p><span style=\"color: #ffffff; font-size: 18px;\">Email : contact@jst1030.be<\/span><span><\/span><\/p>\n<h4 style=\"text-align: left;\">Suivez nous sur\u00a0<a href=\"https:\/\/www.facebook.com\/JstAsblJeunesSchaerbeekoisAuTravail?locale=fr_FR\" target=\"_blank\" rel=\"noopener\"><span style=\"color: #0c71c3;\">Facebook<\/span><\/a><\/h4>\n<p><span style=\"color: #ffffff;\"><span style=\"color: #7cda24;\"><\/span><\/span><\/p>\n<h4 style=\"text-align: left;\"><span style=\"font-size: 18px;\">Si\u00e8ge social : <\/span><span style=\"font-size: 18px;\">rue Masui, 186 &#8211; 1030 Schaerbeek<\/span><\/h4>\n<p><span><\/span><\/p>\n<p><span><\/span><\/p>\n<p><span style=\"font-size: 18px; color: #ffffff;\"><\/span><\/p>\n<p><span style=\"font-size: 18px; color: #ffffff;\"><\/span><\/p>\n<p><span style=\"font-size: 18px; color: #ffffff;\"><\/span><\/p>\n<p><span style=\"font-size: 18px; color: #ffffff;\">Sites de formation:<\/span><\/p>\n<ul>\n<li><span style=\"font-size: 18px; color: #ffffff;\">Jardinage et pavage, 186 rue Masui \u00e0 Schaerbeek<\/span><\/li>\n<li><span style=\"font-size: 18px; color: #ffffff;\"> Menuiserie\u00a0 et\u00a0 m\u00e9canique v\u00e9lo, 46 <\/span><span style=\"font-size: 18px; color: #ffffff;\">rue de J\u00e9rusalem \u00e0 Schaerbeek<\/span><br \/><span style=\"font-size: 18px; color: #ffffff;\"><\/span><br \/><span style=\"font-size: 18px; color: #ffffff;\"><\/span><\/li>\n<\/ul>\n<p><span><\/span><\/p>\n<p><span><\/span><\/p>\n<p><span><\/span><\/p>\n<h4 style=\"text-align: left;\"><span style=\"color: #ffffff;\"><\/span><\/h4>\n<h4 style=\"text-align: left;\"><span style=\"color: #ffffff;\">\u00a0<\/span><\/h4>\n<h4 style=\"text-align: left;\"><span style=\"color: #ffffff;\"><\/span><\/h4>\n<h4 style=\"text-align: left;\"><span style=\"color: #ffffff;\"><\/span><\/h4>\n<h4 style=\"text-align: left;\"><span style=\"color: #ffffff;\">Num\u00e9ro de TVA :\u00a0 \u00a0 BE 0459 263 425<\/span><\/h4>\n<p>[\/et_pb_text][\/et_pb_column][\/et_pb_row][\/et_pb_section][et_pb_section fb_built=\u00a0\u00bb1&Prime; admin_label=\u00a0\u00bbHero section\u00a0\u00bb _builder_version=\u00a0\u00bb4.27.4&Prime; use_background_color_gradient=\u00a0\u00bbon\u00a0\u00bb background_color_gradient_stops=\u00a0\u00bbrgba(150,105,97,0.67) 0%|rgba(2,0,76,0.84) 100%\u00a0\u00bb background_color_gradient_overlays_image=\u00a0\u00bbon\u00a0\u00bb background_color_gradient_start=\u00a0\u00bbrgba(150,105,97,0.67)\u00a0\u00bb background_color_gradient_end=\u00a0\u00bbrgba(2,0,76,0.84)\u00a0\u00bb background_image=\u00a0\u00bbhttps:\/\/www.jst1030.be\/wp-content\/uploads\/2019\/09\/chen-zo-1NTOQHBRegA-unsplash-1024&#215;576.jpg\u00a0\u00bb background_position=\u00a0\u00bbtop_center\u00a0\u00bb min_height=\u00a0\u00bb416.5px\u00a0\u00bb custom_margin=\u00a0\u00bb1px||-1px||false|false\u00a0\u00bb custom_padding=\u00a0\u00bb1.4%||6.2%|||\u00a0\u00bb global_colors_info=\u00a0\u00bb{}\u00a0\u00bb][et_pb_row _builder_version=\u00a0\u00bb4.20.0&Prime; _module_preset=\u00a0\u00bbdefault\u00a0\u00bb global_colors_info=\u00a0\u00bb{}\u00a0\u00bb][et_pb_column type=\u00a0\u00bb4_4&Prime; _builder_version=\u00a0\u00bb4.20.0&Prime; _module_preset=\u00a0\u00bbdefault\u00a0\u00bb global_colors_info=\u00a0\u00bb{}\u00a0\u00bb][et_pb_text _builder_version=\u00a0\u00bb4.20.0&Prime; _module_preset=\u00a0\u00bbdefault\u00a0\u00bb text_font=\u00a0\u00bb||on||||||\u00a0\u00bb text_text_color=\u00a0\u00bb#FFFFFF\u00a0\u00bb text_font_size=\u00a0\u00bb18px\u00a0\u00bb global_colors_info=\u00a0\u00bb{}\u00a0\u00bb]<\/p>\n<p>avec le soutien de<\/p>\n<p>[\/et_pb_text][\/et_pb_column][\/et_pb_row][et_pb_row column_structure=\u00a0\u00bb1_5,1_5,1_5,1_5,1_5&Prime; _builder_version=\u00a0\u00bb4.20.0&Prime; background_color=\u00a0\u00bb#ffffff\u00a0\u00bb global_colors_info=\u00a0\u00bb{}\u00a0\u00bb][et_pb_column type=\u00a0\u00bb1_5&Prime; _builder_version=\u00a0\u00bb4.16&Prime; global_colors_info=\u00a0\u00bb{}\u00a0\u00bb][et_pb_image src=\u00a0\u00bbhttps:\/\/www.jst1030.be\/wp-content\/uploads\/2023\/03\/Communaute-FR-fevr-23.png\u00a0\u00bb title_text=\u00a0\u00bbCommunaut\u00e9 FR f\u00e9vr 23&Prime; _builder_version=\u00a0\u00bb4.20.0&Prime; _module_preset=\u00a0\u00bbdefault\u00a0\u00bb custom_padding=\u00a0\u00bb|1px||||\u00a0\u00bb global_colors_info=\u00a0\u00bb{}\u00a0\u00bb][\/et_pb_image][\/et_pb_column][et_pb_column type=\u00a0\u00bb1_5&Prime; _builder_version=\u00a0\u00bb4.16&Prime; global_colors_info=\u00a0\u00bb{}\u00a0\u00bb][et_pb_image src=\u00a0\u00bbhttps:\/\/www.jst1030.be\/wp-content\/uploads\/2019\/11\/Bxl-formation.jpg\u00a0\u00bb url=\u00a0\u00bbhttps:\/\/www.bruxellesformation.brussels\/\u00a0\u00bb url_new_window=\u00a0\u00bbon\u00a0\u00bb _builder_version=\u00a0\u00bb4.16&Prime; background_color=\u00a0\u00bb#ffffff\u00a0\u00bb custom_padding=\u00a0\u00bb|53px||||\u00a0\u00bb global_colors_info=\u00a0\u00bb{}\u00a0\u00bb][\/et_pb_image][\/et_pb_column][et_pb_column type=\u00a0\u00bb1_5&Prime; _builder_version=\u00a0\u00bb4.16&Prime; global_colors_info=\u00a0\u00bb{}\u00a0\u00bb][et_pb_image src=\u00a0\u00bbhttps:\/\/www.jst1030.be\/wp-content\/uploads\/2019\/11\/Schaerbeek1030.jpg\u00a0\u00bb url=\u00a0\u00bbhttps:\/\/www.1030.be\/\u00a0\u00bb url_new_window=\u00a0\u00bbon\u00a0\u00bb _builder_version=\u00a0\u00bb4.16&Prime; background_color=\u00a0\u00bb#ffffff\u00a0\u00bb width=\u00a0\u00bb67.9%\u00a0\u00bb global_colors_info=\u00a0\u00bb{}\u00a0\u00bb][\/et_pb_image][\/et_pb_column][et_pb_column type=\u00a0\u00bb1_5&Prime; _builder_version=\u00a0\u00bb4.16&Prime; global_colors_info=\u00a0\u00bb{}\u00a0\u00bb][et_pb_image src=\u00a0\u00bbhttps:\/\/www.jst1030.be\/wp-content\/uploads\/2023\/03\/urban.brussels_logo_noir_zwart-e1677752208544.jpg\u00a0\u00bb title_text=\u00a0\u00bburban.brussels_logo_noir_zwart\u00a0\u00bb _builder_version=\u00a0\u00bb4.20.0&Prime; _module_preset=\u00a0\u00bbdefault\u00a0\u00bb width=\u00a0\u00bb75.9%\u00a0\u00bb custom_margin=\u00a0\u00bb|52px||||\u00a0\u00bb custom_padding=\u00a0\u00bb||0px|0px||\u00a0\u00bb global_colors_info=\u00a0\u00bb{}\u00a0\u00bb][\/et_pb_image][\/et_pb_column][et_pb_column type=\u00a0\u00bb1_5&Prime; _builder_version=\u00a0\u00bb4.20.0&Prime; _module_preset=\u00a0\u00bbdefault\u00a0\u00bb global_colors_info=\u00a0\u00bb{}\u00a0\u00bb][\/et_pb_column][\/et_pb_row][et_pb_row column_structure=\u00a0\u00bb1_5,1_5,1_5,1_5,1_5&Prime; _builder_version=\u00a0\u00bb4.20.0&Prime; background_color=\u00a0\u00bb#ffffff\u00a0\u00bb min_height=\u00a0\u00bb135px\u00a0\u00bb custom_margin=\u00a0\u00bb|auto|-58px|auto||\u00a0\u00bb custom_padding=\u00a0\u00bb0px||0px|||\u00a0\u00bb global_colors_info=\u00a0\u00bb{}\u00a0\u00bb][et_pb_column type=\u00a0\u00bb1_5&Prime; _builder_version=\u00a0\u00bb4.16&Prime; global_colors_info=\u00a0\u00bb{}\u00a0\u00bb][et_pb_image src=\u00a0\u00bbhttps:\/\/www.jst1030.be\/wp-content\/uploads\/2021\/04\/cpas2021.png\u00a0\u00bb title_text=\u00a0\u00bbcpas2021&Prime; url=\u00a0\u00bbhttps:\/\/www.brulocalis.brussels\/fr\/federation-des-cpas-bruxellois\/\u00a0\u00bb url_new_window=\u00a0\u00bbon\u00a0\u00bb align=\u00a0\u00bbcenter\u00a0\u00bb _builder_version=\u00a0\u00bb4.16&Prime; width=\u00a0\u00bb96.6%\u00a0\u00bb custom_margin=\u00a0\u00bb|-7px||||\u00a0\u00bb custom_padding=\u00a0\u00bb|55px||||\u00a0\u00bb global_colors_info=\u00a0\u00bb{}\u00a0\u00bb][\/et_pb_image][\/et_pb_column][et_pb_column type=\u00a0\u00bb1_5&Prime; _builder_version=\u00a0\u00bb4.16&Prime; global_colors_info=\u00a0\u00bb{}\u00a0\u00bb][et_pb_image src=\u00a0\u00bbhttps:\/\/www.jst1030.be\/wp-content\/uploads\/2019\/11\/Actiris.jpg\u00a0\u00bb url=\u00a0\u00bbhttp:\/\/www.actiris.be\/tabid\/173\/language\/fr-BE\/A-propos-d-Actiris.aspx\u00a0\u00bb url_new_window=\u00a0\u00bbon\u00a0\u00bb _builder_version=\u00a0\u00bb4.20.0&Prime; background_color=\u00a0\u00bb#ffffff\u00a0\u00bb custom_margin=\u00a0\u00bb|||17px||\u00a0\u00bb custom_padding=\u00a0\u00bb|||0px||\u00a0\u00bb global_colors_info=\u00a0\u00bb{}\u00a0\u00bb][\/et_pb_image][\/et_pb_column][et_pb_column type=\u00a0\u00bb1_5&Prime; _builder_version=\u00a0\u00bb4.20.0&Prime; _module_preset=\u00a0\u00bbdefault\u00a0\u00bb global_colors_info=\u00a0\u00bb{}\u00a0\u00bb][et_pb_image src=\u00a0\u00bbhttps:\/\/www.jst1030.be\/wp-content\/uploads\/2019\/11\/Be-Brussels.jpg\u00a0\u00bb url=\u00a0\u00bbhttps:\/\/be.brussels\/\u00a0\u00bb url_new_window=\u00a0\u00bbon\u00a0\u00bb _builder_version=\u00a0\u00bb4.16&Prime; background_color=\u00a0\u00bb#ffffff\u00a0\u00bb custom_margin=\u00a0\u00bb|18px||||\u00a0\u00bb custom_padding=\u00a0\u00bb|||27px||\u00a0\u00bb global_colors_info=\u00a0\u00bb{}\u00a0\u00bb][\/et_pb_image][\/et_pb_column][et_pb_column type=\u00a0\u00bb1_5&Prime; _builder_version=\u00a0\u00bb4.16&Prime; global_colors_info=\u00a0\u00bb{}\u00a0\u00bb][et_pb_image src=\u00a0\u00bbhttps:\/\/www.jst1030.be\/wp-content\/uploads\/2025\/07\/FR_co-funded-by-VERTICAL-RGB_POS-1.png\u00a0\u00bb title_text=\u00a0\u00bbFR_co-funded by VERTICAL RGB_POS\u00a0\u00bb _builder_version=\u00a0\u00bb4.27.4&Prime; _module_preset=\u00a0\u00bbdefault\u00a0\u00bb width=\u00a0\u00bb100%\u00a0\u00bb min_height=\u00a0\u00bb120.9px\u00a0\u00bb custom_margin=\u00a0\u00bb-14px|||||\u00a0\u00bb global_colors_info=\u00a0\u00bb{}\u00a0\u00bb][\/et_pb_image][\/et_pb_column][et_pb_column type=\u00a0\u00bb1_5&Prime; disabled_on=\u00a0\u00bboff|off|off\u00a0\u00bb _builder_version=\u00a0\u00bb4.16&Prime; global_colors_info=\u00a0\u00bb{}\u00a0\u00bb][\/et_pb_column][\/et_pb_row][\/et_pb_section]<\/p>\n","protected":false},"excerpt":{"rendered":"<p>T\u00e9l\u00e9phone : 02\/ 247 77 56 Email : contact@jst1030.be Suivez nous sur\u00a0Facebook Si\u00e8ge social : rue Masui, 186 &#8211; 1030 Schaerbeek Sites de formation: Jardinage et pavage, 186 rue Masui \u00e0 Schaerbeek Menuiserie\u00a0 et\u00a0 m\u00e9canique v\u00e9lo, 46 rue de J\u00e9rusalem \u00e0 Schaerbeek \u00a0 Num\u00e9ro de TVA :\u00a0 \u00a0 BE 0459 263 425avec le soutien de<\/p>\n","protected":false},"author":1,"featured_media":0,"parent":0,"menu_order":0,"comment_status":"closed","ping_status":"closed","template":"","meta":{"_et_pb_use_builder":"on","_et_pb_old_content":"","_et_gb_content_width":"","footnotes":""},"class_list":["post-53","page","type-page","status-publish","hentry"],"yoast_head":"<!-- This site is optimized with the Yoast SEO plugin v27.5 - https:\/\/yoast.com\/product\/yoast-seo-wordpress\/ -->\n<title>Contact - JST ASBL<\/title>\n<meta name=\"robots\" content=\"index, follow, max-snippet:-1, max-image-preview:large, max-video-preview:-1\" \/>\n<link rel=\"canonical\" href=\"https:\/\/www.jst1030.be\/?page_id=53\" \/>\n<meta property=\"og:locale\" content=\"fr_FR\" \/>\n<meta property=\"og:type\" content=\"article\" \/>\n<meta property=\"og:title\" content=\"Contact - JST ASBL\" \/>\n<meta property=\"og:description\" content=\"T\u00e9l\u00e9phone : 02\/ 247 77 56 Email : contact@jst1030.be Suivez nous sur\u00a0Facebook Si\u00e8ge social : rue Masui, 186 - 1030 Schaerbeek Sites de formation: Jardinage et pavage, 186 rue Masui \u00e0 Schaerbeek Menuiserie\u00a0 et\u00a0 m\u00e9canique v\u00e9lo, 46 rue de J\u00e9rusalem \u00e0 Schaerbeek \u00a0 Num\u00e9ro de TVA :\u00a0 \u00a0 BE 0459 263 425avec le soutien de\" \/>\n<meta property=\"og:url\" content=\"https:\/\/www.jst1030.be\/?page_id=53\" \/>\n<meta property=\"og:site_name\" content=\"JST ASBL\" \/>\n<meta property=\"article:publisher\" content=\"https:\/\/www.facebook.com\/JstAsblJeunesSchaerbeekoisAuTravail?locale=fr_FR\" \/>\n<meta property=\"article:modified_time\" content=\"2025-07-09T13:59:48+00:00\" \/>\n<meta name=\"twitter:card\" content=\"summary_large_image\" \/>\n<meta name=\"twitter:label1\" content=\"Dur\u00e9e de lecture estim\u00e9e\" \/>\n\t<meta name=\"twitter:data1\" content=\"6 minutes\" \/>\n<script type=\"application\/ld+json\" class=\"yoast-schema-graph\">{\"@context\":\"https:\\\/\\\/schema.org\",\"@graph\":[{\"@type\":\"WebPage\",\"@id\":\"https:\\\/\\\/www.jst1030.be\\\/?page_id=53\",\"url\":\"https:\\\/\\\/www.jst1030.be\\\/?page_id=53\",\"name\":\"Contact - JST ASBL\",\"isPartOf\":{\"@id\":\"https:\\\/\\\/www.jst1030.be\\\/#website\"},\"datePublished\":\"2019-09-26T08:12:05+00:00\",\"dateModified\":\"2025-07-09T13:59:48+00:00\",\"breadcrumb\":{\"@id\":\"https:\\\/\\\/www.jst1030.be\\\/?page_id=53#breadcrumb\"},\"inLanguage\":\"fr-FR\",\"potentialAction\":[{\"@type\":\"ReadAction\",\"target\":[\"https:\\\/\\\/www.jst1030.be\\\/?page_id=53\"]}]},{\"@type\":\"BreadcrumbList\",\"@id\":\"https:\\\/\\\/www.jst1030.be\\\/?page_id=53#breadcrumb\",\"itemListElement\":[{\"@type\":\"ListItem\",\"position\":1,\"name\":\"Accueil\",\"item\":\"https:\\\/\\\/www.jst1030.be\\\/\"},{\"@type\":\"ListItem\",\"position\":2,\"name\":\"Contact\"}]},{\"@type\":\"WebSite\",\"@id\":\"https:\\\/\\\/www.jst1030.be\\\/#website\",\"url\":\"https:\\\/\\\/www.jst1030.be\\\/\",\"name\":\"JST ASBL\",\"description\":\"Formation par le travail\",\"publisher\":{\"@id\":\"https:\\\/\\\/www.jst1030.be\\\/#organization\"},\"potentialAction\":[{\"@type\":\"SearchAction\",\"target\":{\"@type\":\"EntryPoint\",\"urlTemplate\":\"https:\\\/\\\/www.jst1030.be\\\/?s={search_term_string}\"},\"query-input\":{\"@type\":\"PropertyValueSpecification\",\"valueRequired\":true,\"valueName\":\"search_term_string\"}}],\"inLanguage\":\"fr-FR\"},{\"@type\":\"Organization\",\"@id\":\"https:\\\/\\\/www.jst1030.be\\\/#organization\",\"name\":\"JST ASBL\",\"url\":\"https:\\\/\\\/www.jst1030.be\\\/\",\"logo\":{\"@type\":\"ImageObject\",\"inLanguage\":\"fr-FR\",\"@id\":\"https:\\\/\\\/www.jst1030.be\\\/#\\\/schema\\\/logo\\\/image\\\/\",\"url\":\"https:\\\/\\\/www.jst1030.be\\\/wp-content\\\/uploads\\\/2019\\\/12\\\/cropped-favicon-1.jpg\",\"contentUrl\":\"https:\\\/\\\/www.jst1030.be\\\/wp-content\\\/uploads\\\/2019\\\/12\\\/cropped-favicon-1.jpg\",\"width\":512,\"height\":512,\"caption\":\"JST ASBL\"},\"image\":{\"@id\":\"https:\\\/\\\/www.jst1030.be\\\/#\\\/schema\\\/logo\\\/image\\\/\"},\"sameAs\":[\"https:\\\/\\\/www.facebook.com\\\/JstAsblJeunesSchaerbeekoisAuTravail?locale=fr_FR\"]}]}<\/script>\n<!-- \/ Yoast SEO plugin. -->","yoast_head_json":{"title":"Contact - JST ASBL","robots":{"index":"index","follow":"follow","max-snippet":"max-snippet:-1","max-image-preview":"max-image-preview:large","max-video-preview":"max-video-preview:-1"},"canonical":"https:\/\/www.jst1030.be\/?page_id=53","og_locale":"fr_FR","og_type":"article","og_title":"Contact - JST ASBL","og_description":"T\u00e9l\u00e9phone : 02\/ 247 77 56 Email : contact@jst1030.be Suivez nous sur\u00a0Facebook Si\u00e8ge social : rue Masui, 186 - 1030 Schaerbeek Sites de formation: Jardinage et pavage, 186 rue Masui \u00e0 Schaerbeek Menuiserie\u00a0 et\u00a0 m\u00e9canique v\u00e9lo, 46 rue de J\u00e9rusalem \u00e0 Schaerbeek \u00a0 Num\u00e9ro de TVA :\u00a0 \u00a0 BE 0459 263 425avec le soutien de","og_url":"https:\/\/www.jst1030.be\/?page_id=53","og_site_name":"JST ASBL","article_publisher":"https:\/\/www.facebook.com\/JstAsblJeunesSchaerbeekoisAuTravail?locale=fr_FR","article_modified_time":"2025-07-09T13:59:48+00:00","twitter_card":"summary_large_image","twitter_misc":{"Dur\u00e9e de lecture estim\u00e9e":"6 minutes"},"schema":{"@context":"https:\/\/schema.org","@graph":[{"@type":"WebPage","@id":"https:\/\/www.jst1030.be\/?page_id=53","url":"https:\/\/www.jst1030.be\/?page_id=53","name":"Contact - JST ASBL","isPartOf":{"@id":"https:\/\/www.jst1030.be\/#website"},"datePublished":"2019-09-26T08:12:05+00:00","dateModified":"2025-07-09T13:59:48+00:00","breadcrumb":{"@id":"https:\/\/www.jst1030.be\/?page_id=53#breadcrumb"},"inLanguage":"fr-FR","potentialAction":[{"@type":"ReadAction","target":["https:\/\/www.jst1030.be\/?page_id=53"]}]},{"@type":"BreadcrumbList","@id":"https:\/\/www.jst1030.be\/?page_id=53#breadcrumb","itemListElement":[{"@type":"ListItem","position":1,"name":"Accueil","item":"https:\/\/www.jst1030.be\/"},{"@type":"ListItem","position":2,"name":"Contact"}]},{"@type":"WebSite","@id":"https:\/\/www.jst1030.be\/#website","url":"https:\/\/www.jst1030.be\/","name":"JST ASBL","description":"Formation par le travail","publisher":{"@id":"https:\/\/www.jst1030.be\/#organization"},"potentialAction":[{"@type":"SearchAction","target":{"@type":"EntryPoint","urlTemplate":"https:\/\/www.jst1030.be\/?s={search_term_string}"},"query-input":{"@type":"PropertyValueSpecification","valueRequired":true,"valueName":"search_term_string"}}],"inLanguage":"fr-FR"},{"@type":"Organization","@id":"https:\/\/www.jst1030.be\/#organization","name":"JST ASBL","url":"https:\/\/www.jst1030.be\/","logo":{"@type":"ImageObject","inLanguage":"fr-FR","@id":"https:\/\/www.jst1030.be\/#\/schema\/logo\/image\/","url":"https:\/\/www.jst1030.be\/wp-content\/uploads\/2019\/12\/cropped-favicon-1.jpg","contentUrl":"https:\/\/www.jst1030.be\/wp-content\/uploads\/2019\/12\/cropped-favicon-1.jpg","width":512,"height":512,"caption":"JST ASBL"},"image":{"@id":"https:\/\/www.jst1030.be\/#\/schema\/logo\/image\/"},"sameAs":["https:\/\/www.facebook.com\/JstAsblJeunesSchaerbeekoisAuTravail?locale=fr_FR"]}]}},"_links":{"self":[{"href":"https:\/\/www.jst1030.be\/index.php?rest_route=\/wp\/v2\/pages\/53","targetHints":{"allow":["GET"]}}],"collection":[{"href":"https:\/\/www.jst1030.be\/index.php?rest_route=\/wp\/v2\/pages"}],"about":[{"href":"https:\/\/www.jst1030.be\/index.php?rest_route=\/wp\/v2\/types\/page"}],"author":[{"embeddable":true,"href":"https:\/\/www.jst1030.be\/index.php?rest_route=\/wp\/v2\/users\/1"}],"replies":[{"embeddable":true,"href":"https:\/\/www.jst1030.be\/index.php?rest_route=%2Fwp%2Fv2%2Fcomments&post=53"}],"version-history":[{"count":78,"href":"https:\/\/www.jst1030.be\/index.php?rest_route=\/wp\/v2\/pages\/53\/revisions"}],"predecessor-version":[{"id":975,"href":"https:\/\/www.jst1030.be\/index.php?rest_route=\/wp\/v2\/pages\/53\/revisions\/975"}],"wp:attachment":[{"href":"https:\/\/www.jst1030.be\/index.php?rest_route=%2Fwp%2Fv2%2Fmedia&parent=53"}],"curies":[{"name":"wp","href":"https:\/\/api.w.org\/{rel}","templated":true}]}}